e 8.
-716
What is 502 (base 11) in base 10?
607
What is -293 (base 12) in base 4?
-12033
Convert -1533 (base 13) to base 16.
-c0c
What is 1310 (base 4) in base 6?
312
Convert -aa62 (base 12) to base 9.
-27702
Convert -13622 (base 7) to base 5.
-104430
Convert ba62 (base 12) to base 15.
6132
18264 (base 10) to base 2
100011101011000
25a8 (base 12) to base 7
15356
-1143 (base 7) to base 9
-520
Convert 1286 (base 9) to base 15.
449
Convert -225 (base 16) to base 11.
-45a
Convert 4665 (base 11) to base 14.
2333
-277 (base 15) to base 12
-3aa
What is -349 (base 16) in base 4?
-31021
Convert -3122 (base 5) to base 9.
-507
1dc (base 16) to base 11
3a3
Convert 474a (base 11) to base 8.
14121
202 (base 16) to base 5
4024
Convert 1020 (base 12) to base 5.
24002
What is -578b (base 12) in base 8?
-23033
-112 (base 9) to base 4
-1130
Convert 89366 (base 10) to base 3.
11112120212
Convert 12333 (base 4) to base 3.
121120
-12211011 (base 4) to base 2
-110100101000101
-5511 (base 7) to base 2
-11110110000
What is -a21 (base 13) in base 4?
-122311
Convert 1134234 (base 5) to base 2.
101001011001010
2130312 (base 4) to base 6
114250
What is 397 (base 10) in base 9?
481
6235 (base 12) to base 6
121305
-1522 (base 6) to base 15
-1c5
What is 263d (base 14) in base 7?
25406
What is 22110 (base 5) in base 11?
1171
Convert 22002 (base 3) to base 13.
13a
What is -3384 (base 9) in base 7?
-10210
Convert 232 (base 6) to base 3.
10102
Convert 3213 (base 6) to base 13.
441
What is 41114 (base 7) in base 5?
310012
12221231 (base 4) to base 6
330045
What is d15 (base 16) in base 12?
1b31
What is 3470 (base 12) in base 11?
4433
What is 19c7 (base 13) in base 6?
25545
-5225 (base 6) to base 2
-10010010001
Convert 524 (base 8) to base 12.
244
What is 5305 (base 9) in base 13?
1a06
What is 1011 (base 10) in base 15?
476
Convert 345656 (base 7) to base 6.
1155215
Convert -1131022 (base 4) to base 13.
-2938
What is 4a12 (base 12) in base 15?
272b
What is 210201 (base 4) in base 16?
921
-1627 (base 13) to base 16
-cac
Convert 25a (base 13) to base 14.
217
Convert 32f (base 16) to base 11.
681
Convert 726 (base 16) to base 4.
130212
-781 (base 16) to base 10
-1921
What is -103430 (base 5) in base 3?
-11221220
a4a (base 11) to base 15
594
833 (base 13) to base 4
111302
What is -113320 (base 4) in base 16?
-5f8
-2223 (base 4) to base 3
-20100
Convert -18b (base 12) to base 6.
-1055
3300 (base 7) to base 8
2230
-9ba1 (base 16) to base 10
-39841
Convert 261036 (base 7) to base 3.
2110101020
Convert 108 (base 9) to base 4.
1121
1255 (base 8) to base 15
30a
Convert 1077 (base 8) to base 12.
3bb
What is -4591 (base 10) in base 14?
-195d
What is -65 (base 12) in base 13?
-5c
-122 (base 15) to base 13
-16a
What is -5092 (base 11) in base 14?
-2668
Convert 4436 (base 9) to base 14.
129b
What is -394 (base 11) in base 7?
-1234
What is 2154 (base 6) in base 9?
617
-1100312 (base 4) to base 10
-5174
What is -3003122 (base 4) in base 14?
-47b4
What is 13223 (base 10) in base 4?
3032213
What is 24 (base 11) in base 14?
1c
1101110011010 (base 2) to base 6
52414
Convert 1024 (base 5) to base 3.
12011
-141403 (base 5) to base 3
-22000210
-ab (base 16) to base 11
-146
What is 12110 (base 4) in base 13?
251
What is -16b1 (base 14) in base 6?
-30511
22011 (base 4) to base 3
212220
What is 11603 (base 7) in base 4?
233201
What is 50614 (base 7) in base 10?
12310
What is -43305 (base 8) in base 10?
-18117
Convert -42321 (base 5) to base 9.
-3801
Convert -13134 (base 8) to base 3.
-21212000
-22461 (base 9) to base 7
-61420
Convert -2110100 (base 3) to base 6.
-12143
Convert 510 (base 10) to base 7.
1326
Convert -301540 (base 6) to base 12.
-118b0
Convert 110101101100 (base 2) to base 15.
1041
1011001100000 (base 2) to base 15
1a6d
Convert 1f32 (base 16) to base 11.
6000
-b80 (base 12) to base 15
-770
What is 1334 (base 10) in base 2?
10100110110
6c7b (base 15) to base 9
34568
-10227 (base 8) to base 3
-12211022
2222313 (base 4) to base 12
63b3
11110111100 (base 2) to base 4
132330
3430 (base 6) to base 13
4a4
1c4 (base 14) to base 13
224
What is 1110223 (base 6) in base 8?
155007
What is -2750 (base 11) in base 14?
-1428
Convert -63c (base 16) to base 10.
-1596
Convert 610 (base 13) to base 6.
4431
What is -4a6 (base 14) in base 15?
-420
Convert -50750 (base 9) to base 2.
-1000001010001001
Convert 231441 (base 5) to base 9.
12431
What is 1453 (base 7) in base 2?
1001000001
-43065 (base 7) to base 14
-3c6c
What is -315001 (base 6) in base 9?
-38231
What is -10211021 (base 3) in base 2?
-101011100100
112100012 (base 3) to base 16
28d6
Convert -3043 (base 7) to base 6.
-4524
What is -20034 (base 5) in base 15?
-599
What is 133037 (base 8) in base 16?
b61f
What is -305b (base 13) in base 14?
-2603
What is -197 (base 15) in base 5?
-2432
What is b566 (base 14) in base 15?
93d9
Convert -3022424 (base 5) to base 14.
-13957
What is 6331 (base 10) in base 16?
18bb
What is 21300 (base 4) in base 2?
1001110000
What is -467 (base 8) in base 10?
-311
-1112022 (base 3) to base 13
-67a
Convert 160177 (base 8) to base 10.
57471
What is 3206 (base 13) in base 5?
210220
7420 (base 8) to base 13
19a8
Convert -2636 (base 8) to base 11.
-1098
-33b (base 14) to base 15
-2cb
What is 6047 (base 14) in base 11?
11465
Convert -7d98 (base 16) to base 10.
-32152
-9c0 (base 14) to base 11
-14a7
-110001110 (base 2) to base 11
-332
What is -20130 (base 5) in base 2?
-10100001010
Convert -11010010010 (base 2) to base 7.
-4622
Convert 10053 (base 6) to base 16.
531
Convert -2263 (base 7) to base 3.
-1010201
What is -133330 (base 4) in base 16?
-7fc
What is -2ac7 (base 15) in base 14?
-34c3
What is 1a79 (base 14) in base 5?
123221
Convert -2605 (base 9) to base 3.
-2200012
What is 1155 (base 16) in base 14?
188d
8377 (base 11) to base 9
16187
-12032 (base 6) to base 11
-134a
Convert 256000 (base 7) to base 6.
1004421
What is -11122 (base 4) in base 14?
-1aa
-3a2 (base 12) to base 9
-675
Convert -4442 (base 5) to base 3.
-212001
Convert -1220 (base 6) to base 8.
-454
-174 (base 11) to base 8
-312
What is 20767 (base 8) in base 7?
34231
-11011 (base 3) to base 11
-a2
Convert -2101201021 (base 3) to base 7.
-254353
What is -1320343 (base 5) in base 15?
-7c18
-14184 (base 9) to base 6
-112334
5294 (base 12) to base 15
2a2a
10926 (base 10) to base 9
15880
What is 834 (base 10) in base 8?
1502
154 (base 12) to base 10
208
-3a3b (base 14) to base 2
-10100000000101
What is 14a (base 12) in base 13?
127
What is 20465 (base 7) in base 4?
1032311
-52215 (base 7) to base 4
-3020001
18342 (base 9) to base 13
59cc
-a5 (base 12) to base 13
-98
Convert 606 (base 7) to base 6.
1220
Convert 64dc (base 16) to base 11.
18443
Convert -134103 (base 5) to base 9.
-7522
-6c (base 14) to base 8
-140
What is 1101120100 (base 3) in base 4?
12223323
-212002101 (base 3) to base 14
-61c3
-1c3b (base 14) to base 7
-21004
Convert -6469 (base 15) to base 8.
-51401
What is 382 (base 15) in base 2?
1100011101
Convert 61163 (base 8) to base 10.
25203
What is 511a (base 12) in base 11?
6686
What is -11 (base 9) in base 8?
-12
-1001102210 (base 3) to base 12
-bbb6
What is 3366 (base 7) in base 16?
4c8
What is 110111 (base 3) in base 8?
521
What is 2426 (base 7) in base 11?
750
What is 12a (base 15) in base 14?
14d
Convert -1100101110110 (base 2) to base 8.
-14566
-60602 (base 7) to base 4
-3211232
What is 30491 (base 12) in base 9?
105241
What is 27477 (base 9) in base 5?
1043434
What is 13d0 (base 15) in base 16?
1095
Convert -327b (base 15) to base 2.
-10100111000011
-1479 (base 10) to base 4
-113013
c04 (base 14) to base 8
4464
503 (base 12) to base 14
399
Convert 710 (base 9) to base 4.
21000
Convert -1484 (base 9) to base 5.
-14004
-1588 (base 14) to base 12
-2284
Convert 11595 (base 16) to base 2.
10001010110010101
10102101 (base 3) to base 5
34434
Convert -327 (base 10) to base 8.
-507
Convert -498 (base 12) to base 10.
-692
Convert -1c05 (base 16) to base 10.
-7173
What is -11894 (base 10) in base 12?
-6a72
What is 10011010010 (base 2) in base 5?
14414
What is -673 (base 13) in base 16?
-454
-177 (base 8) to base 13
-9a
Convert 8a4 (base 11) to base 13.
653
-6a0 (base 11) to base 2
-1101000100
1200211 (base 3) to base 2
10011010101
23429 (base 12) to base 6
1002